{"id":42,"date":"2019-08-25T20:20:32","date_gmt":"2019-08-25T18:20:32","guid":{"rendered":"http:\/\/comitecommemoratifargonne.fr\/?page_id=42"},"modified":"2021-07-26T22:10:54","modified_gmt":"2021-07-26T20:10:54","slug":"soutenir","status":"publish","type":"page","link":"https:\/\/comitecommemoratifargonne.fr\/index.php\/soutenir\/","title":{"rendered":"Nous soutenir"},"content":{"rendered":"\n<p align=\"justify\">Notre Comit\u00e9 est g\u00e9r\u00e9 et administr\u00e9 par un Comit\u00e9 de Direction dont les membres sont tous b\u00e9n\u00e9voles. Si vous souhaitez nous rejoindre et soutenir nos actions, vous trouverez ici toutes les informations dont vous aurez besoin.<br><br><br><\/p>\n\n\n\n<div class=\"wp-block-columns has-2-columns is-layout-flex wp-container-3\">\n<div class=\"wp-block-column is-layout-flow\">\n<div class=\"wp-block-image is-style-rounded\"><figure class=\"aligncenter is-resized\"><a href=\" http:\/\/comitecommemoratifargonne.fr\/index.php\/soutenir\/adherer\/\"><img decoding=\"async\" loading=\"lazy\" src=\"http:\/\/comitecommemoratifargonne.fr\/wp-content\/uploads\/2019\/09\/CAA_Vignette_adherer-1024x1024.jpg\" alt=\"\" class=\"wp-image-330\" width=\"350\" height=\"350\" srcset=\"https:\/\/comitecommemoratifargonne.fr\/wp-content\/uploads\/2019\/09\/CAA_Vignette_adherer-1024x1024.jpg 1024w, https:\/\/comitecommemoratifargonne.fr\/wp-content\/uploads\/2019\/09\/CAA_Vignette_adherer-150x150.jpg 150w, https:\/\/comitecommemoratifargonne.fr\/wp-content\/uploads\/2019\/09\/CAA_Vignette_adherer-300x300.jpg 300w, https:\/\/comitecommemoratifargonne.fr\/wp-content\/uploads\/2019\/09\/CAA_Vignette_adherer-768x768.jpg 768w, https:\/\/comitecommemoratifargonne.fr\/wp-content\/uploads\/2019\/09\/CAA_Vignette_adherer-750x750.jpg 750w\" sizes=\"(max-width: 350px) 100vw, 350px\" \/><\/a><\/figure><\/div>\n\n\n\n<h4 class=\"has-text-align-center wp-block-heading\"><a href=\"http:\/\/comitecommemoratifargonne.fr\/index.php\/soutenir\/adherer\/\">Adh\u00e9rer<\/a><\/h4>\n\n\n\n<p class=\"has-text-align-center\"><a href=\"http:\/\/comitecommemoratifargonne.fr\/index.php\/soutenir\/adherer\/\">T\u00e9l\u00e9chargez notre bulletin d&rsquo;adh\u00e9sion<\/a><\/p>\n<\/div>\n\n\n\n<div class=\"wp-block-column is-layout-flow\">\n<div class=\"wp-block-image is-style-rounded\"><figure class=\"aligncenter size-large is-resized\"><a href=\"http:\/\/comitecommemoratifargonne.fr\/index.php\/soutenir\/documents-utiles\/\"><img decoding=\"async\" loading=\"lazy\" src=\"http:\/\/comitecommemoratifargonne.fr\/wp-content\/uploads\/2019\/12\/CAA_Vignette_doc_utiles-1024x1024.jpg\" alt=\"\" class=\"wp-image-430\" width=\"350\" height=\"350\" srcset=\"https:\/\/comitecommemoratifargonne.fr\/wp-content\/uploads\/2019\/12\/CAA_Vignette_doc_utiles-1024x1024.jpg 1024w, https:\/\/comitecommemoratifargonne.fr\/wp-content\/uploads\/2019\/12\/CAA_Vignette_doc_utiles-300x300.jpg 300w, https:\/\/comitecommemoratifargonne.fr\/wp-content\/uploads\/2019\/12\/CAA_Vignette_doc_utiles-150x150.jpg 150w, https:\/\/comitecommemoratifargonne.fr\/wp-content\/uploads\/2019\/12\/CAA_Vignette_doc_utiles-768x768.jpg 768w, https:\/\/comitecommemoratifargonne.fr\/wp-content\/uploads\/2019\/12\/CAA_Vignette_doc_utiles-1536x1536.jpg 1536w, https:\/\/comitecommemoratifargonne.fr\/wp-content\/uploads\/2019\/12\/CAA_Vignette_doc_utiles-2048x2048.jpg 2048w, https:\/\/comitecommemoratifargonne.fr\/wp-content\/uploads\/2019\/12\/CAA_Vignette_doc_utiles-750x750.jpg 750w\" sizes=\"(max-width: 350px) 100vw, 350px\" \/><\/a><\/figure><\/div>\n\n\n\n<h4 class=\"has-text-align-center wp-block-heading\"><a href=\"http:\/\/comitecommemoratifargonne.fr\/index.php\/soutenir\/documents-utiles\/\">Documents utiles<\/a><\/h4>\n\n\n\n<p class=\"has-text-align-center\"><a href=\"http:\/\/comitecommemoratifargonne.fr\/index.php\/soutenir\/documents-utiles\/\"><\/a><a href=\"http:\/\/comitecommemoratifargonne.fr\/index.php\/soutenir\/documents-utiles\/\">Nos statuts<\/a><a href=\"http:\/\/comitecommemoratifargonne.fr\/index.php\/soutenir\/documents-utiles\/\">, les membres de notre conseil de direction, &#8230;<\/a><\/p>\n<\/div>\n<\/div>\n","protected":false},"excerpt":{"rendered":"<p>Notre Comit\u00e9 est g\u00e9r\u00e9 et administr\u00e9 par un Comit\u00e9 de Direction dont les membres sont tous b\u00e9n\u00e9voles. Si vous souhaitez nous rejoindre et soutenir nos actions, vous trouverez ici toutes les informations dont vous aurez besoin. Adh\u00e9rer T\u00e9l\u00e9chargez notre bulletin d&rsquo;adh\u00e9sion Documents utiles Nos statuts, les membres de notre conseil de direction, &#8230;<\/p>\n","protected":false},"author":1,"featured_media":0,"parent":0,"menu_order":0,"comment_status":"closed","ping_status":"closed","template":"page_fullwidth.php","meta":[],"_links":{"self":[{"href":"https:\/\/comitecommemoratifargonne.fr\/index.php\/wp-json\/wp\/v2\/pages\/42"}],"collection":[{"href":"https:\/\/comitecommemoratifargonne.fr\/index.php\/wp-json\/wp\/v2\/pages"}],"about":[{"href":"https:\/\/comitecommemoratifargonne.fr\/index.php\/wp-json\/wp\/v2\/types\/page"}],"author":[{"embeddable":true,"href":"https:\/\/comitecommemoratifargonne.fr\/index.php\/wp-json\/wp\/v2\/users\/1"}],"replies":[{"embeddable":true,"href":"https:\/\/comitecommemoratifargonne.fr\/index.php\/wp-json\/wp\/v2\/comments?post=42"}],"version-history":[{"count":23,"href":"https:\/\/comitecommemoratifargonne.fr\/index.php\/wp-json\/wp\/v2\/pages\/42\/revisions"}],"predecessor-version":[{"id":655,"href":"https:\/\/comitecommemoratifargonne.fr\/index.php\/wp-json\/wp\/v2\/pages\/42\/revisions\/655"}],"wp:attachment":[{"href":"https:\/\/comitecommemoratifargonne.fr\/index.php\/wp-json\/wp\/v2\/media?parent=42"}],"curies":[{"name":"wp","href":"https:\/\/api.w.org\/{rel}","templated":true}]}}