{"id":117,"date":"2019-09-01T11:55:30","date_gmt":"2019-09-01T09:55:30","guid":{"rendered":"http:\/\/comitecommemoratifargonne.fr\/?page_id=117"},"modified":"2025-12-27T17:03:13","modified_gmt":"2025-12-27T16:03:13","slug":"histoire-comite","status":"publish","type":"page","link":"https:\/\/comitecommemoratifargonne.fr\/index.php\/histoire-comite\/","title":{"rendered":"L&rsquo;histoire de notre Comit\u00e9"},"content":{"rendered":"\n<p align=\"justify\">L&rsquo;histoire du Comit\u00e9 Comm\u00e9moratif de l&rsquo;Argonne est intimement li\u00e9e \u00e0 celle de la famille de Martimprey et d\u00e9bute d\u00e8s la fin de la Grande Guerre. Nous vous proposons \u00e0 travers ce bref historique de la d\u00e9couvrir, depuis sa cr\u00e9ation jusqu&rsquo;\u00e0 nos jours.\n<br><br>\n<em>Si vous souhaitez avoir de plus amples informations sur l&rsquo;histoire du Comit\u00e9 Comm\u00e9moratif de l&rsquo;Argonne, nous vous conseillons la lecture des deux articles suivants paru dans le bulletin n\u00b0 11 d&rsquo;avril 2019 de la revue Terres d&rsquo;Argonne :\n<br>\n&#8211; Le Comit\u00e9 Comm\u00e9moratif de l&rsquo;Argonne, de sa cr\u00e9ation au Centenaire de la Grande Guerre &#8211; Lieutenant-Colonel J. FRANCOIS\n<br>\n&#8211; Le Comit\u00e9 Comm\u00e9moratif de l&rsquo;Argonne apr\u00e8s le Centenaire &#8211; M. EMBRY<\/em><\/p>\n\n\n\n<h3 class=\"wp-block-heading\">Historique<\/h3>\n\n\n\n<p align=\"justify\">\n<\/p><p><em><strong>Le 13 juillet 1915 :<\/strong><\/em><br>\nLe Comte et Capitaine Jean de Martimprey est port\u00e9 disparu alors qu\u2019il d\u00e9fend les tranch\u00e9es de la cote 263 avec ses hommes. Il \u00e9tait alors Capitaine au 4<sup>\u00e8me<\/sup> R\u00e9giment d\u2019Infanterie. \n<br>\n<br>\n<\/p><p><em><strong>Le 24 juillet 1920 :<\/strong><\/em><br>\nLa Comtesse Gabrielle de Martimprey participe \u00e0 une c\u00e9r\u00e9monie \u00e0 la cote 285 o\u00f9 elle \u00e9met publiquement l\u2019id\u00e9e d\u2019\u00e9difier un monument en m\u00e9moire des combattants fran\u00e7ais, qui comme son mari, ont \u00e9t\u00e9 port\u00e9s disparus durant les combats d\u2019Argonne.\n<br>\n<br>\n<\/p><p><em><strong>Le 19 janvier 1921 :<\/strong><\/em><br>\nLe Comit\u00e9 Comm\u00e9moratif de l&rsquo;Argonne est officiellement fond\u00e9 et son si\u00e8ge social est alors situ\u00e9 \u00e0 Paris.\n<br>\n<br>\n<\/p><p><em><strong>Le 12 juin 1921 :<\/strong><\/em><br>\nMadame le Comtesse Gabrielle de Martimprey s&rsquo;entoure de plusieurs personnes pour constituer le premier Comit\u00e9 de Direction qui sera charg\u00e9 de g\u00e9rer et d&rsquo;administrer b\u00e9n\u00e9volement le Comit\u00e9 Comm\u00e9moratif de l&rsquo;Argonne.\n<br>\n<br>\n<\/p><p><em><strong>Le 24 juillet 1921 :<\/strong><\/em><br>\nUne c\u00e9r\u00e9monie est organis\u00e9 par notre Comit\u00e9 pour c\u00e9l\u00e9brer la pose de la premi\u00e8re pierre du futur Monument-Ossuaire de la Haute Chevauch\u00e9e.\n<br>\n<br>\n<\/p><p><em><strong>Le 30 juillet 1922 :<\/strong><\/em><br>\nLe Monument-Ossuaire de la Haute Chevauch\u00e9e est inaugur\u00e9 en pr\u00e9sence de Raymond Poincar\u00e9, de Monseigneur Ginisty, \u00e9v\u00eaque de Verdun et de nombreuses autres personnalit\u00e9s civiles et militaires fran\u00e7aises et \u00e9trang\u00e8res.\n<br>\n<br>\n<\/p><p><em><strong>Le 17 juin 1923 :<\/strong><\/em><br>\nLa crypte du Monument-Ossuaire de la Haute Chevauch\u00e9e est d\u00e9voil\u00e9e aux p\u00e8lerins en pr\u00e9sence du G\u00e9n\u00e9ral Henri Gouraud.\n<br>\n<br>\n<\/p><p><em><strong>Le 30 juillet 1933 :<\/strong><\/em><br>\nA l&rsquo;occasion de sa traditionnelle c\u00e9r\u00e9monie annelle, notre Comit\u00e9 re\u00e7oit le Lieutenant-Colonel Zd. Vltavsky (attach\u00e9 militaire tch\u00e9coslovaque en France) pour d\u00e9voiler une inscription d\u00e9di\u00e9e \u00e0 la m\u00e9moire des hommes de la 1<sup>\u00e8re<\/sup> Brigade Tch\u00e9coslovaque. Ces mots \u00ab <em>\u010ceskoslovensko 1 \u010cS St\u0159eleck\u00e1 Brig\u00e1da<\/em> \u00bb sont depuis grav\u00e9s au-dessus de la porte d&rsquo;acc\u00e8s \u00e0 la crypte du Monument-Ossuaire de la Haute Chevauch\u00e9e.\n<br>\n<br>\n<\/p><p><em><strong>Le 1<sup>er<\/sup> ao\u00fbt 1967 :<\/strong><\/em><br>\nLe G\u00e9n\u00e9ral Andr\u00e9 Rouyer succ\u00e8de \u00e0 Madame la Comtesse Gabrielle de Martimprey \u00e0 la pr\u00e9sidence du Comit\u00e9 Comm\u00e9moratif de l\u2019Argonne.\n<br>\n<br>\n<\/p><p><em><strong>Le 4 juillet 1971 :<\/strong><\/em><br>\nNotre Comit\u00e9 inaugure la \u00ab <em>Croix de la R\u00e9conciliation<\/em> \u00bb en pr\u00e9sence d&rsquo;autorit\u00e9s allemandes. Cette croix en bois est d\u00e9di\u00e9e aux combattants alli\u00e9s et allemands qui sont tomb\u00e9s en Argonne entre 1914 et 1918. Elle se dresse toujours au bord de l&rsquo;entonnoir de mine situ\u00e9 juste derri\u00e8re le Monument-Ossuaire de la Haute Chevauch\u00e9e.\n<br>\n<br>\n<\/p><p><em><strong>Le 31 janvier 1975 :<\/strong><\/em><br>\nDisparition du G\u00e9n\u00e9ral Andr\u00e9 Rouyer.\n<br>\n<br>\n<\/p><p><em><strong>Le 8 mars 1975 :<\/strong><\/em><br>\nMadame la G\u00e9n\u00e9rale Yvonne Rouyer succ\u00e8de au G\u00e9n\u00e9ral Andr\u00e9 Rouyer, son mari, \u00e0 la pr\u00e9sidence du Comit\u00e9 Comm\u00e9moratif de l\u2019Argonne.\n<br>\n<br>\n<\/p><p><em><strong>Le 21 mai 1984 :<\/strong><\/em><br>\nDisparition de Madame la Comtesse Gabrielle de Martimprey, Pr\u00e9sidente Fondatrice du Comit\u00e9 Comm\u00e9moratif de l&rsquo;Argonne.\n<br>\n<br>\n<\/p><p><em><strong>En 1982 :<\/strong><\/em><br>\nLe G\u00e9n\u00e9ral Christian d\u2019Arbonneau succ\u00e8de \u00e0 Madame la G\u00e9n\u00e9rale Yvonne Rouyer \u00e0 la pr\u00e9sidence du Comit\u00e9 Comm\u00e9moratif de l\u2019Argonne.\n<br>\n<br>\n<\/p><p><em><strong>D\u00e9but des ann\u00e9es 2000 :<\/strong><\/em><br>\nDisparition du G\u00e9n\u00e9ral Christian d\u2019Arbonneau.\nLe Lieutenant-Colonel Jean Fran\u00e7ois est nomm\u00e9 \u00e0 la pr\u00e9sidence du Comit\u00e9 Comm\u00e9moratif de l\u2019Argonne.\n<br>\n<br>\n<\/p><p><em><strong>Le 27 juin 2015 :<\/strong><\/em><br>\nNotre Comit\u00e9 organise une grande c\u00e9r\u00e9monie pour comm\u00e9morer le centenaire des combats d\u2019Argonne en pr\u00e9sence de Monsieur Jean-Marc Todeschini, Secr\u00e9taire d\u2019\u00c9tat en charge des Anciens Combattants et de la M\u00e9moire, de Son Excellence Giandomenico Migliano, Ambassadeur d\u2019Italie en France, de Monsieur Gerardo Bellantone, Consul G\u00e9n\u00e9ral d\u2019Italie \u00e0 Metz, de Monsieur Marco Tornetta, Directeur de la Mission Centenaire aupr\u00e8s du Ministre des Affaires \u00c9trang\u00e8res Italien, de Madame Annita Garibaldi-Jallet, fille de Sante Garibaldi et de nombreuses autres personnalit\u00e9s civiles et militaires fran\u00e7aises et \u00e9trang\u00e8res.\n<br>\n<br>\n<\/p><p><em><strong>Le 1<sup>er<\/sup> janvier 2018 :<\/strong><\/em><br>\nMika\u00ebl Embry succ\u00e8de au Lieutenant-Colonel Jean Fran\u00e7ois \u00e0 la pr\u00e9sidence du Comit\u00e9 Comm\u00e9moratif de l\u2019Argonne.\n<br>\n<br>\n<\/p><p><em><strong>Le 16 juin 2018 :<\/strong><\/em><br>\nC\u00e9r\u00e9monie au Monument-Ossuaire de la Haute Chevauch\u00e9e pour la remise des b\u00e9rets noirs aux appel\u00e9(e)s du 501<sup>\u00e8me<\/sup> R\u00e9giment de Chars de Combat de Mourmelon-le-Grand (51).\n<br>\n<br>\n<em><strong>Le 10 novembre 2018 :<\/strong><\/em><br>\nC\u00e9r\u00e9monie de cl\u00f4ture des c\u00e9l\u00e9brations du centenaire de la Grande Guerre au Monument-Ossuaire de la Haute Chevauch\u00e9e.\n<br>\n<br>\n<\/p><p><em><strong>Le 11 novembre 2018 :<\/strong><\/em><br>\nLe Monument-Ossuaire de la Haute Chevauch\u00e9e est class\u00e9 \u00ab <em>Site de la Haute Chevauch\u00e9e, paysage de la guerre des mines en Argonne<\/em> \u00bb suivant l&rsquo;arr\u00eat\u00e9 minist\u00e9riel du 9 novembre 2018, publi\u00e9 au Journal Officiel le 11 novembre 2018.\n<br>\n<br>\n<em><strong>Le 30 juin 2019 :<\/strong><\/em><br>\nMonsieur Alexandre Rochatte, Pr\u00e9fet de la Meuse et de nombreuses personnalit\u00e9s militaires et civiles participent \u00e0 notre traditionnelle c\u00e9r\u00e9monie en hommage aux morts d&rsquo;Argonne. Messieurs Jean-Marie Laurent et Michel Biget, Gardes d&rsquo;Honneur de Notre-Dame de Lorette sont \u00e9galement venus honorer la m\u00e9moire des combattants tomb\u00e9s en Argonne.\nA la suite de cette c\u00e9r\u00e9monie le Lieutenant-Colonel Jean Fran\u00e7ois est nomm\u00e9 Pr\u00e9sident d&rsquo;Honneur du Comit\u00e9 Comm\u00e9moratif de l&rsquo;Argonne.\n<br>\n<br>\n<em><strong>Le 11 novembre 2020 :<\/strong><\/em><br>\nUne c\u00e9r\u00e9monie est organis\u00e9e au Monument-Ossuaire de la Haute Chevauch\u00e9e pour saluer la m\u00e9moire du G\u00e9n\u00e9ral Henri Gouraud et celle des morts d&rsquo;Argonne. Madame Pascale Trimbach, Pr\u00e9f\u00e8te de la Meuse et Son Excellence Rami Adwan, Ambassadeur du Liban en France ont particip\u00e9 \u00e0 cet hommage.<br>\nLes autorit\u00e9s libanaises ont tenu \u00e0 \u00eatre pr\u00e9sentes pour c\u00e9l\u00e9brer le centenaire de la cr\u00e9ation du Grand \u00c9tat du Liban suivant un arr\u00eat\u00e9 du 31 ao\u00fbt 1920 sign\u00e9 par le G\u00e9n\u00e9ral Henri Gouraud, alors Haut-Commissaire de la R\u00e9publique en Syrie et Cilicie.\n<br>\n<br>\n<em><strong>Le 4 juillet 2021 :<\/strong><\/em><br>\nNotre traditionnel hommage aux morts d&rsquo;Argonne a lieu au Monument-Ossuaire de la Haute Chevauch\u00e9e en pr\u00e9sence de Madame Pascale Trimbach, Pr\u00e9f\u00e8te de la Meuse.<br>\nA l&rsquo;occasion de cette c\u00e9r\u00e9monie, Monsieur Adolf Buchner, Pr\u00e9sident du <a href=\"https:\/\/argonnerwald.de\/fr\/home-2\/\">Deutsches Erinnerungskomitee Argonnerwald 1914-1918 E.V.<\/a>, est nomm\u00e9 \u00ab <em>Membre d&rsquo;honneur<\/em> \u00bb de notre Comit\u00e9 pour l&rsquo;ensemble de ses actions et de son travail quant de la m\u00e9moire des combattants allemands d&rsquo;Argonne.\n<br>\n<br>\n<em><strong>Les 25 et 26 juin 2022 :<\/strong><\/em><br>\nNotre Comit\u00e9 a c\u00e9l\u00e9br\u00e9 son centenaire au cours du dernier week-end de juin 2022, ainsi que celui de son mausol\u00e9e, le Monument-Ossuaire de la Haute Chevauch\u00e9e. Le samedi a commenc\u00e9 avec la la b\u00e9n\u00e9diction du monument par Monsieur Gusching, \u00e9v\u00eaque de Verdun, avant de se poursuivre \u00e0 Lachalade o\u00f9 nous avons pu rendre hommage aux Garibaldiens tomb\u00e9s en Argonne.<br>\nLe lendemain \u00e9tait quant \u00e0 lui principalement d\u00e9di\u00e9 \u00e0 une grande c\u00e9r\u00e9monie en l&rsquo;honneur des combattants fran\u00e7ais, alli\u00e9s et allemands tu\u00e9s et port\u00e9s disparus au cours de la premi\u00e8re guerre mondiale. Cette grande messe m\u00e9morielle fut l&rsquo;occasion pour les autorit\u00e9s fran\u00e7aises, am\u00e9ricaines, allemandes et italiennes de d\u00e9voiler cinq nouveaux ex-voto. Ces plaques regroupaient les noms de deux cent cinquante combattants fran\u00e7ais, am\u00e9ricains, allemands, italiens et tch\u00e9coslovaques tomb\u00e9s en Argonne. Ces ex-voto sont aujourd&rsquo;hui expos\u00e9s dans la crypte de notre mausol\u00e9e aux c\u00f4t\u00e9s des autres install\u00e9s entre 1923 et les ann\u00e9es 1970. Si vous souhaitez avoir plus d&rsquo;information sur cet \u00e9v\u00e9nement majeur de la vie de notre Comit\u00e9, vous pouvez consulter la rubrique \u00ab\u00a0Le Centenaire\u00a0\u00bb de notre site.\n<br>\n<br>\n<em><strong>Le 24 mars 2025 :<\/strong><\/em><br>\nNotre Pr\u00e9sident, Monsieur Embry, a profit\u00e9 d&rsquo;un d\u00e9placement personnel aux Etats-Unis pour se rendre \u00e0 l&rsquo;Arlington National Cemetery afin de rendre hommage aux combattants am\u00e9ricains tomb\u00e9s en Argonne. A cette occasion il a fleuri l&rsquo;Argonne Cross Memorial se trouvant dans la section 18 du cimeti\u00e8re.\n<\/p>\n","protected":false},"excerpt":{"rendered":"<p>L&rsquo;histoire du Comit\u00e9 Comm\u00e9moratif de l&rsquo;Argonne est intimement li\u00e9e \u00e0 celle de la famille de Martimprey et d\u00e9bute d\u00e8s la fin de la Grande Guerre. Nous vous proposons \u00e0 travers ce bref historique de la d\u00e9couvrir, depuis sa cr\u00e9ation jusqu&rsquo;\u00e0 nos jours. Si vous souhaitez avoir de plus amples informations sur l&rsquo;histoire du Comit\u00e9 Comm\u00e9moratif&hellip;<a href=\"https:\/\/comitecommemoratifargonne.fr\/index.php\/histoire-comite\/\" class=\"more-link\">Continue reading <span class=\"screen-reader-text\">L&rsquo;histoire de notre Comit\u00e9<\/span><\/a><\/p>\n","protected":false},"author":1,"featured_media":0,"parent":0,"menu_order":1,"comment_status":"closed","ping_status":"closed","template":"page_fullwidth.php","meta":[],"_links":{"self":[{"href":"https:\/\/comitecommemoratifargonne.fr\/index.php\/wp-json\/wp\/v2\/pages\/117"}],"collection":[{"href":"https:\/\/comitecommemoratifargonne.fr\/index.php\/wp-json\/wp\/v2\/pages"}],"about":[{"href":"https:\/\/comitecommemoratifargonne.fr\/index.php\/wp-json\/wp\/v2\/types\/page"}],"author":[{"embeddable":true,"href":"https:\/\/comitecommemoratifargonne.fr\/index.php\/wp-json\/wp\/v2\/users\/1"}],"replies":[{"embeddable":true,"href":"https:\/\/comitecommemoratifargonne.fr\/index.php\/wp-json\/wp\/v2\/comments?post=117"}],"version-history":[{"count":43,"href":"https:\/\/comitecommemoratifargonne.fr\/index.php\/wp-json\/wp\/v2\/pages\/117\/revisions"}],"predecessor-version":[{"id":1031,"href":"https:\/\/comitecommemoratifargonne.fr\/index.php\/wp-json\/wp\/v2\/pages\/117\/revisions\/1031"}],"wp:attachment":[{"href":"https:\/\/comitecommemoratifargonne.fr\/index.php\/wp-json\/wp\/v2\/media?parent=117"}],"curies":[{"name":"wp","href":"https:\/\/api.w.org\/{rel}","templated":true}]}}